+ (-3)/(-6)*-6. Suppose 22 = 4*f - p*f. Calculate the remainder when 20 is divided by f.
9
Let a = -105 + 107. Calculate the remainder when 7 is divided by a.
1
Let f(g) = -23*g**3 - 18*g**3 - 1 - 5*g + 3*g - g**2. Calculate the remainder when f(-1) is divided by 11.
8
Let y(l) = l**2 + 4*l + 9. Let r be y(-7). Calculate the remainder when 23 is divided by r/4 + 2/4.
7
Suppose -5*t + 2*t = -15. What is the remainder when 17 is divided by t?
2
Calculate the remainder when 505/8 - (-3)/(-24) is divided by 13.
11
Let d(w) = w**3 - 2*w**2 - 4*w + 7. What is the remainder when 9 is divided by d(3)?
1
Let y = -5 - -9. Suppose 6*l = 3*l - 2*k + 45, -3*k - y = -l. What is the remainder when 25 is divided by l?
12
Suppose 0 = 4*b - 11 + 3. Suppose z - 135 = -b*z. Calculate the remainder when z is divided by 12.
9
Let c(s) = -9*s - 10. Let b be (-4)/((-5)/((-5)/(-2))). Suppose -5*f + f = b*d - 46, 5*f = -5*d + 45. What is the remainder when c(-7) is divided by f?
11
Let h(m) = m**3 - 8*m**2 + 7*m + 2. What is the remainder when 2 is divided by h(7)?
0
Calculate the remainder when 40 is divided by (-26)/65 - (-214)/10.
19
Suppose 5*a = c - 188, 5*c + 103 + 59 = -4*a. Calculate the remainder when 31 is divided by 2/(-4)*a - 3.
15
Suppose l - 5 = -4*l, 30 = 5*y - 5*l. Let h(q) = q - 3. Calculate the remainder when 13 is divided by h(y).
1
Suppose 2*i + 11 = 17. What is the remainder when 7*2/(-2)*-1 is divided by i?
1
Suppose -61*z - 152 = -65*z. What is the remainder when z is divided by 20?
18
Suppose i - 54 = -5*a + a, -a + 73 = 2*i. Calculate the remainder when 67 is divided by i.
33
Let s = -13 - -19. Calculate the remainder when 26 is divided by s.
2
Let a = -76 + 128. Let z = -19 + a. Suppose 0 = r + 4*r + 4*g - 69, -3*r = -g - 55. Calculate the remainder when z is divided by r.
16
Let i(u) = -u**3 + 6*u**2 + 10. What is the remainder when 165 is divided by i(4)?
39
Let j = 9 - 4. Suppose -j*b + b = -20. Suppose 0 = -10*s + b*s + 115. What is the remainder when s is divided by 12?
11
Let q(u) = 16*u**2 + 1. Suppose -2*n + 2 = 4*d, 2*d + 6 = 5*d. Let t(b) = b**2 + 4*b + 2. Let z be t(n). What is the remainder when 50 is divided by q(z)?
16
Suppose -2*l + 68 - 24 = 0. Suppose -3*x + 2*x = 2*q, 3*x = 4*q + 30. Calculate the remainder when l is divided by x.
4
Let f be (4/2)/((-2)/4). Let m(g) = 2*g**2 + 3*g - 6. Calculate the remainder when 32/(-6)*(-15)/2 is divided by m(f).
12
Let o = -8 - -8. Calculate the remainder when 7 is divided by (-1 - o - 5)/(-2).
1
Let i be (8 + -2 + 0)/(-1). What is the remainder when ((-204)/(-18))/((-4)/i) is divided by 6?
5
Let c(i) = 19*i. Let a = 318 - 313. Calculate the remainder when c(1) is divided by a.
4
Suppose 4*d - 7 = 29. Let y(g) = -g**3 + 9*g**2 + 3*g - 5. Calculate the remainder when y(d) is divided by 6.
4
Let p = -3 + 3. Suppose 4*t - 11 - 17 = p. What is the remainder when t is divided by 4?
3
Suppose -3*h + 17 - 5 = 0. What is the remainder when 6 is divided by h?
2
What is the remainder when 43 - 0/3*(-7)/7 is divided by 22?
21
Let t(w) = -w**3 + 2*w**2 + 2*w - 1. Let z be t(2). Suppose u - z*b = -3*u + 31, u + 2*b = 16. Calculate the remainder when 29 is divided by u.
9
Let r be 2/4 + (-330)/20. Let y = r - -43. What is the remainder when y is divided by 10?
7
Let x(k) = 1 + 5*k - 8*k**2 + 9*k**2 + 10 - 16*k. What is the remainder when x(10) is divided by 1?
0
Let d = 115 - 48. What is the remainder when d is divided by 17?
16
Suppose -4*z - 22 = 2*p, 2 - 4 = 2*p. Let k(s) = -8*s + 6. What is the remainder when k(z) is divided by 16?
14
Let b = 8 + -1. Let o = 8 + b. What is the remainder when 28 is divided by o?
13
Suppose 9 = 2*i - 1. Suppose -84 = -3*s + 3*m, -2*s + 150 = 3*s + i*m. Calculate the remainder when s is divided by 90/27*3/1.
9
Suppose -8*o + 48 = -5*o. What is the remainder when o is divided by 7?
2
Let j(v) = v**2 - 5*v + 1. Let g be j(8). What is the remainder when 2 - ((-3)/(-3) - g) is divided by 14?
12
Suppose -j - 5 = -1. Calculate the remainder when 32 is divided by ((-51)/(-6))/((-2)/j).
15
Let w be (-27 + 0)/(6 - 5). Let b = 48 + w. Calculate the remainder when b is divided by 11.
10
What is the remainder when 3/(-3)*(-188)/4 is divided by 16?
15
Let r(t) = 13*t**3 - 2*t**2 + 1. Let a = 27 - 1. Suppose -4 = i - a. Calculate the remainder when i is divided by r(1).
10
Let m be 2/(-11) - 8976/(-121). Suppose -p - p = -m. Calculate the remainder when p is divided by 13.
11
Suppose 4*s - 20 = 44. Calculate the remainder when 30 is divided by s.
14
Suppose -4*d + 7*d = 15. What is the remainder when d is divided by 5?
0
Let f be 4857/33 - (-8)/(-44). Let g = 28 - 15. What is the remainder when (f/(-6))/((-6)/12) is divided by g?
10
Let p(n) = -8*n - 16 - 2*n**3 + 6*n**3 - 10*n**2 - 3*n**3. Calculate the remainder when p(11) is divided by 9.
8
Let t(w) = -88*w - 1. Let r be t(-1). Let j = r - 59. Calculate the remainder when 111 is divided by j.
27
Suppose -84 = -5*h + 76. What is the remainder when h is divided by 9?
5
Let h(a) = -3*a - 15. What is the remainder when 16 is divided by h(-7)?
4
What is the remainder when (11/(-3))/((-5)/60) is divided by 9?
8
Let o(u) = -u**3 - 11*u**2 - 9*u + 4. Let c be o(-7). Calculate the remainder when 42 is divided by (-3)/(-6) - c/6.
20
Let h = -18 - -32. Calculate the remainder when 66 is divided by h.
10
Suppose -5*d - h = 24, 5*h = -4*d + 2*d - 5. Let l(f) = f**2 + 2*f + 5. Let c = 93 + -35. Calculate the remainder when c is divided by l(d).
18
What is the remainder when 15 is divided by (-4 - -1) + -1 - -12?
7
Suppose -h + 6*h - 15 = 0. Suppose -10 = h*l - 58. Calculate the remainder when 31 is divided by l.
15
Suppose 4*p = -5*t + 347, 3*t + 5*p = 2*p + 210. What is the remainder when t is divided by 14?
11
Let q(c) = -c**2 - 5*c + 8. Let n be q(-7). Let d(i) = i**3 + 6*i**2 - 2*i + 3. Calculate the remainder when 44 is divided by d(n).
14
What is the remainder when 9 is divided by 0 - (555/(-120) - (-6)/(-16))?
4
Let y = -11 - -18. Suppose r = 4*h - 84, 80 = 5*h - 0*h + 5*r. Calculate the remainder when h is divided by y.
6
Let k = 59 - 44. What is the remainder when k is divided by 8?
7
What is the remainder when 39 is divided by 4*10/6*21/14?
9
Let o = 12 - 0. What is the remainder when 20 + 3 + -2 + 0 is divided by o?
9
Suppose -98 = -i + 6*g - 7*g, 3*i = -g + 302. What is the remainder when i is divided by 52?
50
Suppose 4 = 5*u - 4*y - 0, 2*u + 3*y = 20. What is the remainder when 5 is divided by u?
1
Let a(b) = -b**3 + 6*b**2 - 7*b + 16. Calculate the remainder when a(5) is divided by 8/6 + (-4)/(-6).
0
What is the remainder when 18 is divided by -2*1*21/(-6)?
4
Let u = 113 - 205. Let l = -49 - u. What is the remainder when l is divided by 15?
13
Let c = -9 + 12. Suppose c*s + s + h - 31 = 0, -s - 3*h = 6. Suppose 4*o - s - 123 = 0. Calculate the remainder when o is divided by 9.
6
Let j = 21 - 14. Let s = j + 6. Suppose 5*t - 165 = -5*a, 5*a - 156 = 2*t + 44. Calculate the remainder when a is divided by s.
12
Let u(d) = 12*d**2 + 2*d - 2. What is the remainder when u(-2) is divided by 15?
12
Let v = -15 + 28. What is the remainder when v is divided by 7?
6
Let t(z) = 28*z**3 - z. Let s be t(1). Suppose -28 - s = -5*x. Calculate the remainder when 20 is divided by x.
9
Let c = -1 + 8. Let p be 33/c + 8/28. Suppose o - d = p*o - 56, 3*o + 3*d - 51 = 0. What is the remainder when 25 is divided by o?
12
Suppose -4*g = -0*g - 12. Let z be (-2)/(-3) - 259/(-21). Suppose -m + z = -g. Calculate the remainder when m is divided by 9.
7
Let k = -23 + 42. Calculate the remainder when 56 is divided by k.
18
Let p(o) = -o**3 - 9*o**2 + 8*o - 5. Let r be p(-10). Let c = -9 + r. Suppose f - 20 = c*f, -5*n + f + 59 = 0. Calculate the remainder when 32 is divided by n.
10
Let m(b) = -b + 23. Let o be m(15). Suppose o*h = 2*h + 48. Suppose 0*i = 2*i - 30. What is the remainder when i is divided by h?
7
Suppose 5*j = 25, 0 = -3*n + 2*j + 30 + 17. Calculate the remainder when 45 is divided by n.
7
Suppose -5*o + 4*m + 20 = 0, 4*m - 29 + 1 = -o. What is the remainder when o is divided by 5?
3
Suppose 79 = 3*i - 122. Calculate the remainder when i is divided by 23.
21
Suppose 0 = 2*l + l - 135. What is the remainder when 16 is divided by (-86)/(-1